 -3?
-362
In base 16, what is -b3 + 3?
-b0
In base 13, what is b85 - 2?
b83
In base 2, what is -101 - 1000010?
-1000111
In base 16, what is -b + 8f?
84
In base 6, what is -4 - -453?
445
In base 15, what is 4c0 - 5?
4ba
In base 11, what is 3 + -1241?
-1239
In base 10, what is -4 - -882?
878
In base 2, what is 101 + 1000000?
1000101
In base 9, what is 1 + 81?
82
In base 9, what is 8 - -455?
464
In base 12, what is -23 - 125?
-148
In base 16, what is 3 - -90?
93
In base 6, what is 3 - -21?
24
In base 16, what is 1c + -ba?
-9e
In base 13, what is 1 + -70?
-6c
In base 5, what is -110 - -2?
-103
In base 3, what is 201 + 1021?
1222
In base 15, what is -4 + -30?
-34
In base 15, what is 3 + cc?
d0
In base 10, what is 29 + 8?
37
In base 15, what is 54 - -5?
59
In base 15, what is -d1 - -5?
-cb
In base 2, what is 1100110000110 - 11?
1100110000011
In base 12, what is 1a52 + 3?
1a55
In base 16, what is a - -d?
17
In base 15, what is d - 31d?
-310
In base 8, what is -4 - 70?
-74
In base 8, what is 46 + -10?
36
In base 7, what is -244 + 0?
-244
In base 7, what is 61 - -52?
143
In base 16, what is 99 + -5?
94
In base 3, what is 12 - -100222212?
101000001
In base 14, what is -11 - -116?
105
In base 5, what is 1012 + 442?
2004
In base 5, what is 204431 - -2?
204433
In base 8, what is 0 - 13?
-13
In base 4, what is -1203 + -11?
-1220
In base 8, what is -15 - -147?
132
In base 7, what is -115 + -5?
-123
In base 2, what is -1000 - -11?
-101
In base 2, what is -101 + -10111001?
-10111110
In base 4, what is 10 + 20030?
20100
In base 4, what is -10 + 1223110?
1223100
In base 6, what is -13 + 2?
-11
In base 14, what is 32 - -1?
33
In base 9, what is 6 - -10746?
10753
In base 8, what is 26 - -1?
27
In base 13, what is a - -110?
11a
In base 5, what is 121 + 130?
301
In base 10, what is -1 + -2251?
-2252
In base 2, what is 1100000010001 + -11?
1100000001110
In base 14, what is 1 + -38?
-37
In base 9, what is 117 + 4?
122
In base 12, what is -2 - -542?
540
In base 15, what is 12d + -2a?
103
In base 3, what is -2010 - 1102?
-10112
In base 16, what is 3 - 366?
-363
In base 5, what is 10 + 1031?
1041
In base 3, what is 11 + -12112?
-12101
In base 13, what is 74 + 0?
74
In base 4, what is -30231 + 10?
-30221
In base 13, what is 30 - -b?
3b
In base 5, what is 2301 + 4?
2310
In base 13, what is -56c0 + 2?
-56bb
In base 2, what is -100 + -1010?
-1110
In base 13, what is -217 + 13?
-204
In base 15, what is -d + 23?
15
In base 11, what is 36 - 5?
31
In base 9, what is -31 + 7?
-23
In base 10, what is 22 + 309?
331
In base 6, what is 2 - -1215?
1221
In base 3, what is -20 - 10200?
-10220
In base 4, what is -11131002 + -11?
-11131013
In base 8, what is -5 + 1066?
1061
In base 6, what is -345 - 0?
-345
In base 4, what is -2 + -310?
-312
In base 8, what is -21 + 5?
-14
In base 16, what is -637 - -5?
-632
In base 12, what is 19 + 6?
23
In base 12, what is 1 - 71?
-70
In base 9, what is -22 + -12?
-34
In base 16, what is -19 - -1ab?
192
In base 12, what is -1a00 - 3?
-1a03
In base 13, what is 15 - -20c?
224
In base 16, what is c18 + -4?
c14
In base 10, what is -5 + -16?
-21
In base 12, what is -11 + 32?
21
In base 11, what is 2a5a + -1?
2a59
In base 13, what is 2233 + -3?
2230
In base 7, what is 10350 + 1?
10351
In base 9, what is 14 - 0?
14
In base 4, what is -3 + -300?
-303
In base 14, what is -2aa - 4?
-2b0
In base 8, what is 101 + 1?
102
In base 9, what is 382 - 5?
376
In base 13, what is -1 + 2b1?
2b0
In base 4, what is -10 + -333232?
-333302
In base 6, what is -11 + 13?
2
In base 8, what is 3 + 16156?
16161
In base 15, what is 859 + 5?
85e
In base 3, what is -102 + -22?
-201
In base 5, what is 23 + 21011?
21034
In base 16, what is -33e - 8?
-346
In base 4, what is 10 + -10300?
-10230
In base 7, what is -256 - 6?
-265
In base 9, what is -5 - -137?
132
In base 10, what is 10 + 129?
139
In base 2, what is 1000 + -101101011?
-101100011
In base 9, what is -36 + 1?
-35
In base 8, what is 20434 - -1?
20435
In base 11, what is -9 + -294?
-2a2
In base 7, what is -440415 + -1?
-440416
In base 12, what is -2817 - -5?
-2812
In base 5, what is -20 + 11?
-4
In base 13, what is 8c - 4?
88
In base 5, what is 214003 + 10?
214013
In base 13, what is 2 + -18?
-16
In base 3, what is -11 + -2221?
-10002
In base 3, what is -100200020 - -10?
-100200010
In base 9, what is -4 - -1043?
1038
In base 4, what is -1031 + -10?
-1101
In base 4, what is 133 + 10?
203
In base 10, what is 0 - 2373?
-2373
In base 3, what is 11 + -100?
-12
In base 6, what is -4 + 1150?
1142
In base 16, what is 7 - ea?
-e3
In base 9, what is -13 - 124?
-137
In base 15, what is -29 + -1?
-2a
In base 9, what is -6 - 67?
-74
In base 2, what is -11101 + -101001111?
-101101100
In base 4, what is -2010000 + -2?
-2010002
In base 14, what is -77 - 5?
-7c
In base 4, what is 33 + -10?
23
In base 5, what is 0 + 332?
332
In base 16, what is 62 - a?
58
In base 13, what is -532 - 0?
-532
In base 12, what is -11 - 2?
-13
In base 11, what is -4 + 16?
12
In base 8, what is -313 - -3?
-310
In base 3, what is -11 + -1212?
-2000
In base 12, what is 5 + -8?
-3
In base 6, what is 10 + 55?
105
In base 3, what is 1000 - -11?
1011
In base 5, what is -1 - 110?
-111
In base 9, what is -1626 - 1?
-1627
In base 8, what is 2230 + 3?
2233
In base 7, what is -1 - -64?
63
In base 12, what is 32 - -2?
34
In base 5, what is -4 + -30310?
-30314
In base 14, what is -2755 - 0?
-2755
In base 3, what is 10 - -1210?
1220
In base 10, what is -141 + -4?
-145
In base 13, what is 16 - -82?
98
In base 8, what is -4062 - -16?
-4044
In base 12, what is 5 + 94?
99
In base 2, what is 10 - 10011?
-10001
In base 7, what is 1056 - 22?
1034
In base 6, what is -100 + -54?
-154
In base 16, what is -19 + -151?
-16a
In base 12, what is 0 - -16?
16
In base 3, what is 12 + 11200?
11212
In base 8, what is -1 - -54?
53
In base 16, what is 2 - 9?
-7
In base 15, what is 209 - -1a?
224
In base 15, what is -170 + 1a?
-155
In base 5, what is -20 - 101?
-121
In base 8, what is 126 + -1?
125
In base 2, what is 10 + 10101101?
10101111
In base 9, what is 43 + 6?
50
In base 13, what is -3c6 + 1?
-3c5
In base 5, what is 42 + 40?
132
In base 16, what is -5 - -920?
91b
In base 2, what is -110101111 - -1000?
-110100111
In base 5, what is 1402 + 0?
1402
In base 10, what is -6080 - -2?
-6078
In base 8, what is -14 + -4?
-20
In base 13, what is a2 - -19?
bb
In base 6, what is -4 + 11110?
11102
In base 12, what is -230 - -3?
-229
In base 12, what is -7 + -15?
-20
In base 9, what is 1113 - -2?
1115
In base 9, what is -3 + 2034?
2031
In base 14, what is 0 - 3b?
-3b
In base 2, what is -10111 + -11?
-11010
In base 13, what is -1b3c + -5?
-1b44
In base 16, what is 1e - 3?
1b
In base 12, what is -15833 - 0?
-15833
In base 16, what is -28d + -3?
-290
In base 13, what is 1a + 109?
126
In base 3, what is 11 + 120?
201
In base 15, what is -1 - -77?
76
In base 10, what is -13 + 305?
292
In base 9, what is 11 + 3233?
3244
In base 5, what is 10024 + -3?
10021
In base 7, what is 4 - 35?
-31
In base 7, what is 4 + -21510?
-21503
In base 6, what is 5030 - 2?
5024
In base 11, what is -51 + 13?
-39
In base 2, what is -1100 + 110110111?
110101011
In base 14, what is 1 + -5d?
-5c
In base 13, what is 378 + -5?
373
In base 9, what is -51764 + 1?
-51763
In base 7, what is 0 - 34612?
-34612
In base 3, what is -2000 + 111202?
102202
In base 7, what is -555 - -5?
-550
In base 7, what is 5 + 136?
144
In base 4, what is -11 - 1202?
-1213
In base 2, what is 1110100 - 0?
1110100
In base 6, what is -4 - 144?
-152
In base 12, what is 4 - -24?
28
In base 10, what is 3 - 54?
-51
In base 6, what is 2 - 1052?
-1050
In base 12, what is -43 - 8?
-4b
In base 14, what is -1c - 4?
-22
In base 12, what is 5a1 - 5?
598
In base 15, what is -1 + 3?
2
In base 5, what is 1 - 104123?
-104122
In base 12, what is 10b + -3?
108
In base 13, what is -60 - a?
-6a
In base 5, what is 1 + 1331?
1332
In base 12, what is -901 + 0?
-901
In base 9, what is 4 - -35?
40
In base 14, what is -5c - -1?
-5b
In base 5, what is -1 - 411?
-412
In base 3, what is 21 - 10?
11
In base 14, what is 3 - 4?
-1
In base 6, what is -100 - -122?
22
In base 16, what is 3 - 1ad?
-1aa
In base 11, what is 2 + -187?
-185
In base 2, what is -101 - 110000100001?
-110000100110
In base 14, what i